 13. Let f be n(0). Calculate the highest common divisor of 144 and f.
16
Let j = 75 + -59. Suppose -76 + j = -5*k. What is the highest common divisor of 36 and k?
12
Let j(i) = -6*i - 12. Let m be j(-6). Let d be (-32)/10*(-315)/14. Calculate the greatest common divisor of m and d.
24
Suppose -352 + 1048 = -6*c. Let i = c + 120. Let o(m) = 4*m - 8. Let r be o(7). Calculate the greatest common factor of i and r.
4
Let p = -47 - -51. Let s be (-836)/(-30) + p*(-3)/(-90). Let x be (-1)/(0 + -1) + 69. Calculate the highest common factor of x and s.
14
Suppose -l - 19 = -0*m - 3*m, 5*l + 147 = 2*m. Let q = -8 - l. Calculate the greatest common divisor of q and 92.
23
Let q(y) = y**2 - 1 - 9*y + 4 - 3. Let t be q(7). Let v = -9 - t. What is the highest common factor of 5 and v?
5
Let i be -6*1/(-2) - -4. Let y = i + 63. Calculate the highest common divisor of 28 and y.
14
Suppose 0 = 2414*f - 2417*f + 117. Calculate the greatest common divisor of 6 and f.
3
Let v be 7/14 - (2 - (-70)/(-4)). What is the highest common factor of 192 and v?
16
Let a be (-2)/((-5)/(50/4)). Suppose -q + 101 = a*y - 0*y, 0 = -4*y + 5*q + 104. What is the greatest common divisor of 7 and y?
7
Let f(d) = 5*d**2 + d - 5. Suppose 4*p + 2 + 2 = -4*j, -9 = j - p. Let v be f(j). Calculate the greatest common factor of v and 23.
23
Suppose -4*v = -19 + 55. Let a = v + 5. Let p be a/(-8) + 245/10. What is the greatest common divisor of p and 10?
5
Let g(b) be the second derivative of -b**4/12 + 11*b**3/6 - 5*b**2 - 3*b. Let p be g(9). Calculate the highest common divisor of 2 and p.
2
Let t be (-6)/4*1820/(-273). What is the greatest common factor of 370 and t?
10
Suppose 312 + 458 = 5*g. Calculate the greatest common divisor of 70 and g.
14
Let c(n) = -2*n - 16. Let r be c(-10). Let o be 27 + (-3 - 1) + r. What is the greatest common divisor of 135 and o?
27
Suppose -2*x - 3*x + 10 = 0. Suppose -x*k + l + 46 = 0, -5*l = k - 6*k + 120. Calculate the greatest common divisor of 22 and k.
22
Let v be (16/(-8))/((-2)/144). What is the greatest common factor of v and 16?
16
Suppose -88*i + 5*t = -85*i - 22, -3*i = 3*t - 30. What is the highest common factor of i and 81?
9
Let q = -5 - -31. Let p = -838 - -877. What is the highest common factor of q and p?
13
Let d(z) = 16*z**2 - 7*z + 2. Let l be d(1). Let h = 347 - 248. What is the greatest common divisor of h and l?
11
Suppose 4*c - 5*g = 262, 2*c + 325 = 7*c - 5*g. What is the greatest common divisor of 84 and c?
21
Let r(v) = 4*v**2 - 3*v + 5. Let s be r(5). Let p = 162 - s. Let z = p - 47. What is the highest common factor of 10 and z?
5
Let t be (-9)/(-5) + (-2)/(-10). Suppose -5 = -a + 5. Suppose a = -p + 3*p. Calculate the highest common divisor of p and t.
1
Suppose 5*l = 3*b + 1625, 13*b = -5*l + 11*b + 1625. What is the highest common factor of l and 65?
65
Let n be 1*-4*(0 - (-74)/(-4)). Let i be 1/(1*2/n). Calculate the highest common divisor of i and 37.
37
Let f be 4/(-4) - (-4 + 3). Let t(n) = n**2 + 5*n + 15. Let c be t(f). What is the highest common divisor of 15 and c?
15
Let q(v) = v**3 - 8*v**2 + 3*v + 10. Let i be q(8). Suppose -410 = -5*u - 5*j, -4*j = u - 96 + 23. Calculate the highest common divisor of u and i.
17
Let z(l) = -l**3 - 18*l**2 + 8*l - 41. Let f be z(-19). What is the highest common factor of 4 and f?
4
Let i(a) = a**2 + 15*a + 3. Let t be i(-15). Suppose 5*g - 120 = -3*r, t*g = 8*g - r - 100. What is the highest common factor of 147 and g?
21
Let f be (8 - 3 - 5) + 1425. Calculate the highest common divisor of 75 and f.
75
Suppose 23 + 21 = 2*v. What is the highest common factor of 11 and v?
11
Let b(z) = 3*z**2 + z + 1. Let r be b(-1). Suppose 4*j - 9 = -3*g, -2*j + 5*g + 14 = j. What is the greatest common factor of j and r?
3
Let p(o) = -63*o - 18. Let l be p(-1). Calculate the greatest common divisor of l and 35.
5
Let j(m) = 4*m**2 + 4*m - 4. Let s be j(1). What is the greatest common factor of s and 32?
4
Let b be -16*2/(-16)*2. Suppose -12 = -b*f - 0. Calculate the greatest common factor of 30 and f.
3
Let b be ((-10)/(-15))/((-2)/(-12)). Suppose -b*a - a + 55 = 0. Suppose -l + 3*l - 5*c = 213, 0 = 5*c + 15. What is the greatest common divisor of l and a?
11
Let c = 110 - 0. Calculate the greatest common factor of c and 132.
22
Let o(r) = r**3 + 4*r**2 - 8*r - 4. Let t be (10/3)/(24/(-36)). Let s be o(t). Calculate the greatest common divisor of 55 and s.
11
Let b = 48 + 8. What is the greatest common divisor of b and 112?
56
Let t be (0 + 168/(-15))/((-7)/35). Suppose 16*q = t + 104. Calculate the greatest common factor of q and 160.
10
Let t = -9 - -9. Let a be (t - (-1)/2)*22. Let v(g) = 3*g + 1. Let c be v(0). What is the greatest common factor of c and a?
1
Let h(l) = 3*l - 9. Let w(u) = u - 1. Let d be w(-7). Let i = -3 - d. Let c be h(i). What is the highest common divisor of c and 48?
6
Suppose 0 = -f - 5, 3*a + 12*f - 9*f - 135 = 0. What is the highest common divisor of a and 1425?
25
Let v(c) = c**3 - 4*c**2 + 7*c - 9. Let r be v(3). Calculate the greatest common factor of r and 15.
3
Let a = 109 - 32. Calculate the greatest common factor of 7 and a.
7
Let r(s) = -s**3 - 6*s**2 - 5*s + 5. Let t be r(-5). Calculate the greatest common factor of t and 205.
5
Let s = -8 + 14. Let b = 224 + -218. Calculate the highest common divisor of b and s.
6
Let f be (-3)/(-15) + 49/5. Let t be 162/f - 4/20. Let m be 64 + (-2)/(-8)*0. Calculate the highest common factor of t and m.
16
Let y be 46/(-414) + (-1802)/(-18) + 2. Calculate the greatest common divisor of y and 6.
6
Let z = 223 - 211. Calculate the greatest common factor of 12 and z.
12
Let s be -8*(-3)/48*42. Calculate the greatest common divisor of 399 and s.
21
Suppose -8*l - 2*l + 1960 = 0. Let s be 42/((-21)/(-6) - 2). Calculate the highest common factor of s and l.
28
Suppose -7*i + 1820 = -2*i. Suppose -7*q + i = 7. Calculate the greatest common factor of q and 408.
51
Let r(q) = q**3 + 3*q**2 - 2*q - 4. Let t = 41 + -39. Let p be r(t). What is the highest common divisor of p and 6?
6
Let a(z) be the third derivative of z**5/60 - z**4/3 - 2*z**3 - 6*z**2. Let i be a(10). Calculate the highest common factor of 40 and i.
8
Suppose 4*k = -3*c + 83 + 21, -3*k + 38 = c. Calculate the highest common factor of c and 56.
8
Suppose -7*n + 59 = 3*b - 3*n, 5*b + 4*n - 109 = 0. Suppose -4*m + 4*r + 796 = 0, 2*m + 51 = r + 450. Calculate the highest common factor of m and b.
25
Suppose 5*c + f - 2*f = 279, -2*c + 2*f + 118 = 0. What is the highest common factor of 440 and c?
55
Suppose -33 = -7*z + 4*z. Let w = 15 - 4. Calculate the highest common divisor of z and w.
11
Suppose 0 = 46*k - 10*k - 3780. What is the highest common factor of 140 and k?
35
Let s = -610 - -626. What is the greatest common factor of 88 and s?
8
Suppose 3*o + 95 - 26 = 3*w, 0 = 2*o + 4. What is the highest common factor of w and 3?
3
Suppose 5*s - 26 = 3*n, -7*s + 3*s + 40 = 4*n. Suppose s*p - p = 1440. What is the greatest common factor of p and 30?
30
Let r be (-186)/3*(-4 + 10/4). Let k = -47 + 78. Calculate the highest common factor of k and r.
31
Let z = 478 + -397. Suppose -5*r = -4*k + 36, 7 + 38 = 5*k - r. What is the greatest common factor of k and z?
9
Let i be 0 - 72/(-5 - 1). What is the greatest common factor of i and 372?
12
Let u = -2224 + 2320. What is the greatest common factor of 252 and u?
12
Let k = 86 - -25. What is the highest common factor of k and 37?
37
Suppose -4*n = -3*n - 5*z - 8, 4*n - 49 = 3*z. Suppose -5*k + n = 8. Calculate the highest common divisor of 7 and k.
1
Suppose 0*g + 4*g = 432. Let v be (4/10)/((-45)/(-8100)). What is the highest common factor of g and v?
36
Suppose -10*i + 12*i - 16 = 0. What is the highest common factor of i and 72?
8
Let t(l) = -l**3 - 17*l**2 - 32*l - 25. Let k be t(-15). Let c(z) = -z**2 + 10*z - 9. Let b be c(6). Calculate the greatest common factor of b and k.
5
Let u(g) = -g**3 + 50*g**2 + 55*g - 185. Let v be u(51). Calculate the greatest common divisor of 1425 and v.
19
Let f(r) = -r**3 - 2*r**2 - r + 1. Let o be f(-2). Let l be (-1 - 15/(-5))*o/6. What is the highest common divisor of l and 1?
1
Let u = -32 + 33. Let c be (u - (1 - 3)) + 10. Suppose 0 = c*g - 12*g - 12. Calculate the greatest